 prime factors of 682847?
11, 23, 2699
List the prime factors of 335362.
2, 73, 2297
List the prime factors of 82911.
3, 29, 953
What are the prime factors of 262991?
79, 3329
List the prime factors of 26799160.
2, 5, 97, 6907
List the prime factors of 7459921.
7, 113, 9431
What are the prime factors of 282777?
3, 11, 19, 41
List the prime factors of 18000835.
5, 23, 157, 997
What are the prime factors of 1233?
3, 137
What are the prime factors of 18288154?
2, 29, 315313
What are the prime factors of 2165658?
2, 3, 11, 19, 157
List the prime factors of 2292986.
2, 103, 11131
List the prime factors of 8156990.
2, 5, 307, 2657
List the prime factors of 8632654.
2, 4316327
List the prime factors of 7567172.
2, 61, 31013
What are the prime factors of 23154673?
19, 29, 42023
What are the prime factors of 5187475?
5, 19, 67, 163
What are the prime factors of 2013143?
11, 197, 929
List the prime factors of 861322.
2, 7, 11, 17, 47
List the prime factors of 67195.
5, 89, 151
List the prime factors of 14416837.
23, 27253
What are the prime factors of 323238?
2, 3, 17, 3169
What are the prime factors of 175599?
3, 109, 179
List the prime factors of 10452404.
2, 409, 6389
What are the prime factors of 229703?
229703
What are the prime factors of 259593?
3, 86531
What are the prime factors of 22073500?
2, 5, 131, 337
What are the prime factors of 183383?
183383
List the prime factors of 436033.
13, 17, 1973
List the prime factors of 142952.
2, 107, 167
List the prime factors of 404473.
601, 673
What are the prime factors of 255492?
2, 3, 47, 151
What are the prime factors of 3003561?
3, 11, 3371
List the prime factors of 10512767.
79, 133073
List the prime factors of 4871025.
3, 5, 21649
List the prime factors of 644375.
5, 1031
What are the prime factors of 195563?
269, 727
What are the prime factors of 120230?
2, 5, 11, 1093
List the prime factors of 966534.
2, 3, 41, 3929
List the prime factors of 146300.
2, 5, 7, 11, 19
List the prime factors of 12318.
2, 3, 2053
What are the prime factors of 3116302?
2, 7, 31799
What are the prime factors of 12014255?
5, 11, 61, 3581
What are the prime factors of 550814?
2, 11, 25037
What are the prime factors of 7176453?
3, 239, 10009
What are the prime factors of 5456174?
2, 127, 21481
List the prime factors of 108885.
3, 5, 7, 17, 61
What are the prime factors of 8269?
8269
List the prime factors of 461482.
2, 7, 17, 277
List the prime factors of 1032204.
2, 3, 86017
List the prime factors of 1031894.
2, 337, 1531
List the prime factors of 2447791.
31, 281
What are the prime factors of 99991?
99991
List the prime factors of 211172.
2, 13, 31, 131
What are the prime factors of 21700?
2, 5, 7, 31
What are the prime factors of 14268080?
2, 5, 178351
List the prime factors of 4805.
5, 31
List the prime factors of 212774.
2, 191, 557
What are the prime factors of 118946?
2, 59473
What are the prime factors of 246818?
2, 11, 13, 863
List the prime factors of 3419368.
2, 427421
List the prime factors of 5423040.
2, 3, 5, 7, 269
What are the prime factors of 232748?
2, 31, 1877
What are the prime factors of 562527?
3, 7, 8929
List the prime factors of 392640.
2, 3, 5, 409
What are the prime factors of 636570?
2, 3, 5, 11, 643
What are the prime factors of 13486824?
2, 3, 13, 1601
What are the prime factors of 3941588?
2, 7, 19, 31, 239
List the prime factors of 27091388.
2, 2053, 3299
What are the prime factors of 5231767?
17, 43, 421
What are the prime factors of 326016?
2, 3, 283
What are the prime factors of 180255?
3, 5, 61, 197
List the prime factors of 139819.
89, 1571
What are the prime factors of 160158?
2, 3, 26693
List the prime factors of 3820900.
2, 5, 19, 2011
What are the prime factors of 3495270?
2, 3, 5, 263, 443
List the prime factors of 25424.
2, 7, 227
List the prime factors of 1491417.
3, 165713
List the prime factors of 248940.
2, 3, 5, 461
List the prime factors of 4226443.
13, 83, 3917
List the prime factors of 134299.
11, 29, 421
What are the prime factors of 5831197?
5831197
What are the prime factors of 4040568?
2, 3, 7, 8017
List the prime factors of 22836248.
2, 167, 17093
What are the prime factors of 2783049?
3, 927683
What are the prime factors of 11720257?
11720257
List the prime factors of 451629.
3, 43, 389
List the prime factors of 79349.
79349
What are the prime factors of 7077653?
11, 29, 2017
What are the prime factors of 2304535?
5, 460907
List the prime factors of 28459744.
2, 889367
List the prime factors of 263649.
3, 23, 3821
List the prime factors of 567591.
3, 137, 1381
What are the prime factors of 2327752?
2, 7, 197, 211
List the prime factors of 308835.
3, 5, 6863
What are the prime factors of 395577?
3, 7, 13, 23
List the prime factors of 25571359.
11, 19, 29, 4219
List the prime factors of 10498001.
10498001
List the prime factors of 866877.
3, 11, 109, 241
List the prime factors of 2254268.
2, 17, 33151
What are the prime factors of 106580?
2, 5, 73
List the prime factors of 336468.
2, 3, 11, 2549
What are the prime factors of 20312087?
1307, 15541
List the prime factors of 2109038.
2, 19, 55501
What are the prime factors of 18633597?
3, 1487, 4177
What are the prime factors of 278385?
3, 5, 67, 277
List the prime factors of 1833397.
41, 97, 461
List the prime factors of 643708.
2, 13, 12379
What are the prime factors of 9481079?
9481079
List the prime factors of 4557466.
2, 29, 78577
What are the prime factors of 235114?
2, 11, 10687
List the prime factors of 1398719.
7, 211, 947
List the prime factors of 1029910.
2, 5, 7, 14713
List the prime factors of 10511767.
7, 1501681
What are the prime factors of 5119?
5119
What are the prime factors of 5199143?
523, 9941
List the prime factors of 3766.
2, 7, 269
List the prime factors of 9414810.
2, 3, 5, 73, 1433
List the prime factors of 14006280.
2, 3, 5, 116719
List the prime factors of 164478.
2, 3, 79, 347
What are the prime factors of 501218?
2, 73, 3433
List the prime factors of 4747763.
487, 9749
List the prime factors of 19812.
2, 3, 13, 127
List the prime factors of 134619.
3, 23, 1951
What are the prime factors of 159201?
3, 7, 19
List the prime factors of 304508.
2, 269, 283
What are the prime factors of 112299?
3, 11, 41, 83
List the prime factors of 141143.
29, 31, 157
List the prime factors of 13406027.
13406027
What are the prime factors of 148509?
3, 29, 569
List the prime factors of 341749.
341749
What are the prime factors of 2120122?
2, 1060061
List the prime factors of 3250203.
3, 11, 98491
What are the prime factors of 202554?
2, 3, 11, 31
List the prime factors of 2751812.
2, 7, 23, 4273
List the prime factors of 11484557.
7, 523, 3137
What are the prime factors of 2477107?
2477107
What are the prime factors of 498827?
7, 71261
What are the prime factors of 3093532?
2, 13, 41, 1451
List the prime factors of 536611.
37, 14503
What are the prime factors of 145798?
2, 269, 271
List the prime factors of 64765.
5, 12953
List the prime factors of 1382249.
11, 125659
What are the prime factors of 4488095?
5, 263, 3413
List the prime factors of 277856.
2, 19, 457
What are the prime factors of 1860398?
2, 930199
What are the prime factors of 432910?
2, 5, 43291
List the prime factors of 903464.
2, 31, 3643
What are the prime factors of 4081886?
2, 2040943
List the prime factors of 142132.
2, 35533
What are the prime factors of 9983080?
2, 5, 17, 53, 277
List the prime factors of 225258.
2, 3, 11, 3413
List the prime factors of 6601228.
2, 199, 8293
List the prime factors of 661233.
3, 220411
List the prime factors of 6124676.
2, 281, 5449
List the prime factors of 9094296.
2, 3, 378929
What are the prime factors of 5363595?
3, 5, 119191
List the prime factors of 3144130.
2, 5, 11, 101, 283
What are the prime factors of 461489?
7, 65927
List the prime factors of 29133095.
5, 113, 51563
What are the prime factors of 20477126?
2, 10238563
What are the prime factors of 258339?
3, 86113
List the prime factors of 349442.
2, 174721
List the prime factors of 510319.
510319
What are the prime factors of 4028594?
2, 2014297
What are the prime factors of 718373?
229, 3137
What are the prime factors of 145902?
2, 3, 24317
What are the prime factors of 9151899?
3, 17, 139, 1291
What are the prime factors of 7051005?
3, 5,